ue
Let g = -1622 + 2336. Let d = 1 + -4. Is (g/(-9))/(2/d) composite?
True
Suppose 1 + 2 = r. Let l be (-1)/((r - 5)/8). Suppose 5*z = l*f + 1082, 0 = z - 0*z + 2*f - 208. Is z a prime number?
False
Let f(v) = -v**3 - 4*v**2 + 5*v + 5. Let o be f(-5). Suppose -g + 7 - 4 = 0. Suppose g*a - 4*a + 57 = 4*h, -a = -o*h - 39. Is a composite?
True
Suppose -4*l - 2*q = 12576, -2*q - 1179 + 7467 = -2*l. Let w = -2225 - l. Is w a composite number?
False
Is ((-4222)/4)/((-17)/374) a prime number?
False
Let q(b) = b - 4. Let k be q(7). Suppose 2 + 6 = 4*a, a + 2272 = k*c. Suppose -3*m + 165 + c = 5*t, 0 = 4*m - t - 1200. Is m a prime number?
False
Suppose -2*z + 17 = -z - l, 62 = 4*z - 2*l. Let j(v) = 2*v + 3 + z*v - 6 - 4. Is j(11) prime?
False
Let h(f) = -2*f**2 + 3*f + 2. Let c be h(-1). Let q be c/12 + 15/12. Is 3/q*(-614)/(-6) a prime number?
True
Let t(z) be the second derivative of 5*z**3 + 7*z**2/2 + z. Let s be ((-6)/(-9))/(((-2)/(-15))/1). Is t(s) a composite number?
False
Let z(g) = 0*g - 8*g + g. Let v = 209 - 216. Is z(v) a composite number?
True
Suppose 0 = 4*o + p + 38, 5*p = 9*o - 4*o + 60. Is ((-5)/o)/(1/166) prime?
True
Let z = 1026 - -1367. Is z composite?
False
Let t be -2 + 3 + -4 + 658. Suppose -83 = 2*m - t. Suppose n - m = -n. Is n composite?
True
Let r = -6 - -7. Let n = r - -3. Suppose -2*k + 0*y = -n*y - 62, k - 5*y - 22 = 0. Is k composite?
False
Let x(a) = -a + 7. Let r be x(4). Suppose -r + 0 = j. Is (-9)/((-9)/260) + j composite?
False
Let j be ((-22)/(-6))/(5/(-15)). Let d = j - -36. Suppose 2*c - d = 4*i + 53, -5*c - 3*i + 182 = 0. Is c prime?
True
Let m(w) = -5*w**3 - 10*w**2 + 10*w - 4. Let o(k) = -3*k**3 - 7*k**2 + 7*k - 3. Let c(z) = -5*m(z) + 8*o(z). Let n = -10 - -17. Is c(n) a prime number?
False
Suppose b + 11 = 3*x, -4*x - 4 + 12 = -3*b. Suppose m = -x*m + 6690. Is m a composite number?
True
Let m = -224 + 226. Suppose 0 = -4*u - 0*u + 1960. Suppose -u + 44 = -m*j. Is j a prime number?
True
Let f(d) = 413*d**2 + d - 2. Let c be f(-2). Suppose -3*w + c = w. Let b = w + -119. Is b a prime number?
True
Let t(f) = f**3 + 14*f**2 + 26*f - 6. Let m = -56 - -45. Is t(m) a composite number?
False
Let y be -19*(-2 + 4 - 3). Let x = y - 26. Let i(o) = -36*o + 7. Is i(x) composite?
True
Let s(n) = 17*n**2 + 2*n - 8. Let k(o) = -17*o**2 - 2*o + 9. Let v be (2/(-4))/(3/(-12)). Let y(f) = v*k(f) + 3*s(f). Is y(-5) a prime number?
True
Let o(b) = 62*b**2 + 36*b - 6. Let i(y) = -21*y**2 - 12*y + 2. Let t(m) = 17*i(m) + 6*o(m). Is t(-7) prime?
False
Let a(w) = -w**3 - w**2 - w. Let z(d) = 7*d**3 + 15*d + 11. Let y(j) = 6*a(j) + z(j). Is y(8) prime?
True
Let u(h) = h**3 - 2*h**2 - 7*h - 8. Let d be u(6). Let v be (-2 - (4 + -3)) + d. Suppose 3*r = 3*q - 228, 0 = -q - 0*r + 4*r + v. Is q prime?
True
Let g(v) = 7*v**3 - 3*v**2 - 19*v + 1. Is g(8) composite?
True
Let g(h) = -83*h - 2. Let n(s) = s**3 + 10*s**2 + s + 5. Let r be n(-10). Let i be 22/r - 9/15. Is g(i) a composite number?
True
Let f = -43 + 43. Is -9*(f - 1915/15) a composite number?
True
Let c be 52 + (-1 - (-1 + -1)). Let l(d) = -d**3 - 12*d**2 - 14*d + 22. Let x be l(-10). Let t = c + x. Is t composite?
True
Suppose 7 = r + 11. Let d be 4*-4 + (-4)/(-2). Let f = r - d. Is f a prime number?
False
Let u(v) = 45*v + 1. Let f(j) = -89*j - 2. Suppose -2*r + 15 = 3*o, 3*o + 2*o - 12 = r. Let b(a) = o*f(a) + 5*u(a). Is b(-5) prime?
False
Suppose 34*r - 11600 = 29*r. Suppose 4*k - r = 28. Is k a prime number?
True
Let u(f) = -6*f + 51411. Is u(0) composite?
True
Suppose 179853 = 5*r - 2*i, -2*i = 4*r - 144535 + 667. Is r composite?
False
Suppose 3*b = -3*w + 2826, 3769 = w + 3*w + 5*b. Is w composite?
False
Suppose 0 = -2*b - 190*t + 186*t + 304654, -761671 = -5*b - t. Is b prime?
False
Suppose -3*c + 8 = c. Suppose -k + 9 - c = 0. Suppose -k*t + 136 = -95. Is t a prime number?
False
Let z(h) = -3*h**2 - 116*h**3 + 3 + 2*h - 2 + 5*h**2. Let b be z(-1). Let s = b - 78. Is s composite?
True
Let n = 6708 - 2233. Suppose 48*v - 43*v = n. Is v a prime number?
False
Let y = 21143 - 5416. Is y prime?
True
Let l be 3*(-3)/(-36)*4. Let p be ((-1)/l)/(4/44). Is (p + 9)/((-2)/257) a composite number?
False
Is (-117190)/(-25) - (-3 - 72/(-20)) a composite number?
True
Suppose -o + 16 = 8. Let i(d) = 34*d - 18. Is i(o) prime?
False
Suppose 0*c = c. Suppose 3*o + 3*x = -3, 4*x = 5*o - c*x - 13. Is 182/4*(1 + o) composite?
True
Let z be ((-6)/10)/(6/(-20)). Is (167 - 4) + z + (-2)/(-2) a prime number?
False
Suppose -4*t + 5*q + 735 = -2*t, 2*t + 3*q - 695 = 0. Let w = -104 + t. Is w prime?
True
Suppose -64*l - 54025 = -89*l. Is l a prime number?
True
Suppose -986 = -h - 4*b, -2*b = 3*h - 0*b - 2918. Suppose 4775 = 5*r + h. Is r prime?
True
Let f be (3383/(-17))/(3/(-2) - -2). Let b = -93 + 228. Let l = b - f. Is l a prime number?
False
Suppose -2209585 = -26*q + 664533. Is q composite?
False
Let t(i) = -i - 5. Let g be t(-5). Let z(l) = -50*l**3 + 5*l**2 - 14*l + 4. Let o be z(2). Is -6*(o/8 - g) composite?
True
Let v = -23 + 33. Let j(n) = -n**2 - 5. Let t(p) = p**2 + p + 5. Let f(x) = -3*j(x) - 2*t(x). Is f(v) a prime number?
False
Suppose -4*o = -6193 + 1149. Is o a composite number?
True
Suppose -o = -5*b - 24, 6*o + 5*b = o. Suppose -9*t + 20 = -o*t. Suppose -2*g + t*g - 434 = 0. Is g a prime number?
False
Suppose -i - 3*f + 24 = 5, -8 = 3*i - 4*f. Suppose -i*d + 9*d = 4895. Is d a composite number?
True
Is 4*(-1)/(-8)*(3 + 3185) prime?
False
Let q(b) = 17*b**2 + 60*b - 5. Is q(12) prime?
True
Let g(i) = -1639*i - 122. Is g(-7) prime?
True
Let t be (-11 + 1)*(-8)/10. Suppose -t*b + 12*b - 2900 = 0. Suppose -5*k - b = -3*i + 2*i, -i + 749 = k. Is i composite?
True
Let y = -10 + 15. Is (-2092)/(-5) - (-3)/y prime?
True
Suppose 5*j + 2972 + 2812 = h, -3*h + 17417 = -2*j. Is h prime?
False
Let b = 84522 + -52111. Is b prime?
True
Let o = 15457 - 8546. Is o composite?
False
Suppose 4*a + 2*l = -69082, 2*a + 3*l + l + 34556 = 0. Let q = -11929 - a. Is q a prime number?
False
Let z(r) = r**3 + 34*r**2 - 25*r + 77. Is z(-30) prime?
False
Suppose -5*f - 5 = 5*h, -3*f + 2*h = h - 13. Let a(x) = -2*x**3 + 1 - 4*x**2 - 2 - x**f - x. Is a(-4) composite?
False
Let f = 13730 + -1411. Is f a prime number?
False
Suppose -5*d - 4074 = -4*n, 1053 - 22 = n + 5*d. Suppose 4*t - 2431 = n. Is t composite?
False
Let r = 14 - 1. Suppose 3*g - 7 + r = 0. Is ((-17)/g)/(4/136) composite?
True
Suppose 0 = -4*k - k + 3*w + 13, -4*w - 12 = -4*k. Suppose -2*x = k*x - 2*f - 926, -3*x + 5*f = -684. Is x a composite number?
False
Let d = 15 - 11. Suppose d*u = c + 137, 0 = 2*u - 3*c - 61 - 20. Is u a composite number?
True
Suppose -4*d + 72 = -2*d. Let a = -11 + d. Suppose 3*r - 149 - a = 0. Is r prime?
False
Let k = 6 + -3. Suppose 4098 = 4*a - k*s, 4744 = 3*a + 4*s + 1683. Suppose -63 = -4*d + 5*p + a, 2*p = 3*d - 811. Is d composite?
False
Let r be 2*2*13/(-4) + 1. Is 0*3/r*2 + 143 composite?
True
Suppose -6*g = n - 3*g - 3398, -3395 = -n - 2*g. Is n a prime number?
True
Let d = 1996 - 841. Suppose -a = q - 1812, -4*q - 2*a + d = -6091. Is q a composite number?
False
Let c(v) = 132*v**3 - 13*v**2 + 10*v - 1. Is c(6) a composite number?
True
Suppose -6*u + 31004 = -25144. Is u prime?
False
Suppose -y + 977 = 2*p, -5*p - 5*y + 4043 - 1603 = 0. Is p composite?
True
Let z(o) = 21*o**2 - 57*o + 143. Is z(39) a composite number?
True
Let p(l) = l - 16. Let r be p(14). Let o be r/6 - (-143)/33. Suppose 7*w - 3*i - 894 = o*w, 288 = w + i. Is w composite?
False
Suppose 71*r = 85*r - 78134. Is r a prime number?
True
Is (1 + 1*-2)/((-68)/588676) composite?
True
Suppose 0 = h + 3*h - 2*a - 2022, 5*a = -2*h + 1029. Suppose -h = -i - 128. Is i a composite number?
False
Let f = -29 + 13. Let m be 0 + (-4)/2 - (-21 - 7). Let v = m + f. Is v a prime number?
False
Let r = 14 - 24. Let c be r*(-3)/((-9)/(-285)). Suppose 2*u = 6*u - 4*q - 1860, c = 2*u + 3*q. Is u a composite number?
True
Suppose 4*b - 5*r - 77 = 0, 7 = -b - 4*r - 0. Let l = b + -13. Suppose 5*f - 617 + 72 = l. Is f a prime number?
True
Let a = -8369 - 2214. Let w = -4998 - a. Is w prime?
False
Let y = -454 + 683. Let m be (2 + 1)/(-3) - -489. Let i = m - y. Is i a composite number?
True
Suppose 53*n - 170091 = 44*n. Is n a composite number?
False
Suppose -5*f = -4*